pose 3*j = 408 - b. What is the units digit of j?
4
Suppose -393*p = -394*p + 425. Let y = 248 + p. What is the units digit of y?
3
Let a(q) = -q**2 + 52*q + 56. Let g be a(53). Suppose 0 = -2*c + g*z + 262, 5*z + 486 = 5*c - 159. What is the hundreds digit of c?
1
Suppose 14*z - 18354 = 64876. What is the thousands digit of z?
5
What is the ten thousands digit of (-186)/465 - 107692/(-5)?
2
Let r = 1586 - 231. What is the tens digit of r?
5
Let z(c) = 1392*c - 141. What is the hundreds digit of z(8)?
9
Let q = -4926 + 8794. What is the tens digit of q?
6
Suppose 0 = 87*b - 81*b - 3486. Suppose -8*d + b = -14091. What is the hundreds digit of d?
8
Let a(h) = h**3 - 34*h**2 + 98*h - 168. What is the hundreds digit of a(40)?
3
Suppose -9 = 5*z - 5*s + 4*s, -z + 3 = -5*s. Suppose 11*p + 375 = 100. What is the tens digit of (170/p)/((12/15)/z)?
1
Suppose -4*u + 522 - 6 = 0. Let f = 728 - u. What is the units digit of f?
9
Let a be 3*((-1699761)/(-9) - 3) + 2. What is the units digit of (4/26)/1 + a/923?
4
Suppose 0 = 3*j - 3 - 3, -4*u - j + 14 = 0. Suppose -2*i = -u - 1. What is the units digit of (i - 24/9)/(4/(-294))?
9
Suppose 3*w + 7*n - 2*n = -25, 10 = -5*w - 2*n. Suppose w = -q - q + 128. What is the tens digit of q?
6
Let y(p) = 6*p + 17. Let d be y(21). Suppose d*f + 990 = 144*f. What is the units digit of f?
0
Let w = 841 - 108. Suppose -601 = w*x - 734*x. What is the hundreds digit of x?
6
Let n be (-4)/8 + 107513/(-14). What is the hundreds digit of (n/(-18))/(-4)*-3?
3
Let a(o) be the third derivative of -47*o**4/12 + 5*o**3/6 - 36*o**2. What is the hundreds digit of a(-9)?
8
Let f(y) = -42*y + 386. Let u(m) = 215*m - 1929. Let n(k) = 11*f(k) + 2*u(k). What is the tens digit of n(-17)?
3
Suppose 2*n + 4*m = 12, 0 = -3*n - 2*m - 2*m + 12. Suppose 6*s - 872 - 256 = n. What is the tens digit of s?
8
What is the tens digit of ((-768)/(-320))/((-1)/(-9470))?
2
Let d = -6867 + 9487. What is the hundreds digit of d?
6
Let n be ((-4)/(-8)*30)/(9/12). Let m be n/50*(-115)/(-2). Let y = m + 150. What is the units digit of y?
3
Suppose 0 = -5*x + 5*u + 17185, -17189 = -5*x + 4*u - 0*u. What is the tens digit of x?
4
Suppose 0 = 2*o + 2, 3*r - 3*o = -7*o + 2720. Let m = r - 642. What is the units digit of m?
6
Let p = 767 + 12266. What is the thousands digit of p?
3
Let n = 952 - 526. Suppose -4*o = -742 - n. What is the units digit of o?
2
Suppose -2*b - 3*b + 25 = y, y + 3*b - 15 = 0. Suppose y = -15*k + 8*k. Suppose k*u = 2*u - 254. What is the units digit of u?
7
Suppose -20*t + 10688 = -6072. Suppose -5*u + t = 5*q - 1332, -2*u - 1706 = -4*q. What is the units digit of q?
9
Suppose -5*q = -59*q - 19*q + 864247. What is the ten thousands digit of q?
1
Suppose 5 - 7 = -2*i. Let p(t) = 778*t - 13. What is the hundreds digit of p(i)?
7
Let b be (-4691)/(-2) - (9/(-18) + 0). Suppose 2*m - 2*u = b, 0 = 4*m + 5*u - 5225 + 515. What is the hundreds digit of m?
1
Suppose -9*l + 434 - 407 = 0. Suppose -2*r - l*u = -2472, 7*u - 10*u = 6. What is the hundreds digit of r?
2
Let a(u) = -u**3 - 7*u**2 - 3*u + 4. Let f(k) = k**2 + 9*k - 6. Let i be f(-9). Let c be a(i). What is the tens digit of 6 + -3 - 7/(c/40)?
2
Let f(u) = 44*u**2 - 45*u**2 + 3 - u**3 + 30*u**3 + 13*u**3. What is the units digit of f(2)?
5
Let s(h) = 278*h**2 - 14*h + 635*h**2 - 16 + 507*h**2 - 3*h. What is the tens digit of s(-1)?
2
What is the thousands digit of (-52146)/90*-15*2?
7
Suppose 11*s = 13*s - 1136. Suppose 0 = -7*c + 4607 - s. What is the hundreds digit of c?
5
Let t(o) = 602*o + 2506. What is the hundreds digit of t(13)?
3
Let v(j) be the first derivative of j**4/4 + 35*j**3/3 + 79*j**2/2 - 23*j + 170. What is the tens digit of v(-32)?
2
Let m = 760 + -519. Suppose m = 7*k + 73. What is the units digit of k?
4
Let u be (-7)/21*-21 + 10. Suppose u*t + 468 = 21*t. What is the hundreds digit of t?
1
Suppose 1185*i - 1173*i = 146328. What is the tens digit of i?
9
Let p = 912 - 414. Let n = p + -233. What is the tens digit of n?
6
Suppose -36*j + 3252172 - 361446 = 17*j. What is the tens digit of j?
4
Let a = 274 + -970. Let h = a + 1018. What is the hundreds digit of h?
3
Suppose z = 36 + 373. Let h = z - 360. What is the tens digit of h?
4
What is the hundreds digit of 911506/152 + (-1)/(-4)?
9
Suppose 45*q = 27*q + 98604. What is the units digit of q?
8
What is the ten thousands digit of -2*(-3)/8*41088/(-120)*-65?
1
Let s = -538 - -856. Suppose 4*w - 3166 - s = 0. What is the units digit of w?
1
Suppose 3*n - 5*x - 81 = 34, -3*x = -3*n + 105. Suppose -n*q + 52352 = 2*q. What is the thousands digit of q?
1
Suppose 2*b + 6*o - 7 = 7*o, -8 = -3*b + 4*o. Let c be (-1 - -3) + 12/b. Suppose 4*j + 2*d - 480 = 0, -j = -4*j - c*d + 367. What is the tens digit of j?
1
Suppose 21*o = 17*o - 20. What is the units digit of -6 - -1 - (-584 + o)?
4
Suppose -3 = w - 0*w + s, w = 3*s + 1. Let x be w + (-7)/((-35)/555). Suppose -2*a + x = 3*j - 141, -4*a = -3*j - 536. What is the units digit of a?
1
Let r(s) = 152*s - 734. Let w(m) = -29*m + 147. Let t(o) = 4*r(o) + 22*w(o). What is the units digit of t(-15)?
8
Suppose 17 - 29 = 12*d. What is the tens digit of d/(-3)*-2*-18?
1
Let y(j) = 3*j**3 - 6*j**2 + 22*j - 58. Let f be y(6). Suppose 0 = 10*l - 6464 - f. What is the units digit of l?
7
Let c(m) = 4*m**2 - 26*m + 27. Let z be c(26). Suppose a = -2*a - 3*x + z, x + 1376 = 2*a. What is the hundreds digit of a?
6
Let t be (-7*20/25)/((-6)/(-345)). Let c = t - -459. What is the hundreds digit of c?
1
Suppose 5*d = -5*a + 130, -2*a + 35 = 4*d - 71. Let g(h) = -h**2 + 27*h. Let m be g(d). Suppose -5*j + 197 + 53 = m. What is the units digit of j?
0
Let i(g) be the second derivative of -g**5/20 - g**4/2 - 4*g**3/3 + 3*g**2 - 117*g. Suppose 3*b + 19 - 1 = 0. What is the tens digit of i(b)?
5
Let d be (-14)/(-2*(-2)/8). Let k be (12/5)/(d/(-2030)). Suppose 5*h = 401 + k. What is the hundreds digit of h?
1
Let m = -105 - -125. What is the tens digit of 2737/(-46)*(4/(-2) - m)?
0
Let g = -12 + 22. Suppose r + y = 181, -2*y + 0*y - g = 0. What is the hundreds digit of r?
1
Let x(m) = -6*m + m - 3*m + 11*m - 2 - 2*m**2. Let p be x(-7). Let d = p - -138. What is the units digit of d?
7
Let g = 32617 + -15356. What is the ten thousands digit of g?
1
Let p be (-6)/(-10) - 24*32/(-120). What is the units digit of p*3 + 46/(-23)?
9
Suppose 5*a + 33 = 53. Suppose -a*s + 5*p + 4780 = s, -p + 4810 = 5*s. What is the tens digit of s?
6
Let w = 117 - 106. Suppose 0 = -4*l + 4*k + 92, -4*l + 119 = -2*k + 7*k. Let f = w + l. What is the tens digit of f?
3
Suppose 0 = -18*i + 9459 + 14751. What is the thousands digit of i?
1
Let i(r) = r**2 - 8*r + 4. Let w be i(6). Let h = 755 - 769. What is the units digit of w/14 + (-274)/h?
9
Let d be (-12)/(-21) - (14486/(-7) - 5). Let l = -594 + d. What is the tens digit of l?
8
Suppose -5*r - 9159 = -4*f, -5*f + 9*f = -2*r + 9166. What is the tens digit of f?
9
Suppose 5 = -c - 2*f, -5*c + 30 = -3*f + 2*f. Let l = -119 + 168. Suppose -c*j + 4*h + 2 + 180 = 0, j - 5*h = l. What is the tens digit of j?
3
Suppose 3*l - 2*d - 151989 = 0, -5*l + 35*d - 39*d + 253293 = 0. What is the units digit of l?
1
Suppose 2*s - 354 + 360 = 0. Let f(h) = h**2 - h. Let z(q) = -9*q**2 - 4*q + 3. Let o(p) = 4*f(p) - z(p). What is the hundreds digit of o(s)?
1
Let a = -2693 - -1870. Let v = a - -1171. What is the hundreds digit of v?
3
Suppose -57856 = -30*i + 46022 - 13698. What is the thousands digit of i?
3
Let b(x) = x**2 - 10*x - 30. Let m(w) = -w**2 - w + 1. Let u(s) = b(s) + 2*m(s). Let f be u(-7). Suppose 1244 = f*h - 268. What is the tens digit of h?
1
Suppose -4*p - 3*v = 0, -4*p + 6*v = v. Suppose 13*a - 19*a + 96 = p. What is the units digit of a?
6
What is the units digit of ((-100)/350)/(((-19164)/(-4792) - 4)/7)?
6
Let u = -14141 + 29863. What is the ten thousands digit of u?
1
Let h be ((-6)/(-18))/((-2)/2466). Let f = h - -527. What is the tens digit of f?
1
Let d(b) = 104*b**2 + 2*b - 1. Let g be d(-4). Suppose -9*v = -13*v - 4*a + 1340, -5*a = -5*v + g. What is the units digit of v?
3
Suppose -5*y - 85 = -105. What is the units digit of y/6*(-363)/(-22)?
1
Let x = 24 + 30. Suppose 57*a = x*a + 645. What is the tens digit of a?
1
Let w(i) = -i**3 - 4*i**2 - i + 2. Let b 